ber?
False
Let d(w) = 45466*w - 155. Is d(4) a composite number?
True
Let y(d) = 48211*d + 801. Is y(4) a prime number?
False
Suppose -191 + 41 = 5*z. Is (291/15)/(((-18)/z)/3) a composite number?
False
Suppose 52*v - 19*v = 4192683. Is v composite?
False
Let d = 36 - 32. Suppose -d*x = -2*x - 3962. Suppose 3*i + 139 = x. Is i a prime number?
False
Let g be 2286 + (-2 + -1 - -2) + 1. Suppose -g - 17 = 7*b. Let c = -30 - b. Is c prime?
False
Suppose -2*q - 5*i = 10, -q = -4*q - 2*i - 26. Let t = q - -12. Is (649/(-11))/(t/(-22)) composite?
True
Suppose -5*q - c + 846996 = 0, 227*q = 228*q - 4*c - 169395. Is q prime?
True
Suppose -2*x + 16 = 2*v, 2*v + v = 3*x. Suppose 0 = -0*p + x*p - 3*t - 6521, p - 1654 = -4*t. Suppose -10*n + p = -3816. Is n composite?
True
Let d be ((-2 - 2) + 1 - -120)*3. Let f = d - 208. Is f a prime number?
False
Suppose -170*i = -22*i - 102383588. Is i a composite number?
True
Suppose 0 = -16*a + 522365 + 2082707. Is a prime?
False
Let j(q) = q**3 + 35*q**2 - 30*q + 37. Let s be 1/((3 - 1)*21/(-1470)). Is j(s) composite?
False
Let r(l) = -3*l**3 - 51*l**2 - 256*l + 35. Is r(-26) a composite number?
False
Let t(q) = -q + 13. Let u(v) = v - 12. Let i(n) = -5*t(n) - 6*u(n). Let b be i(3). Is -9 + b - -1 - -39 prime?
False
Let w be (-331)/(-5) + 0 + (-2)/10. Suppose -13*m = -2*m + w. Is m/(-8) + ((-11682)/(-8))/1 a prime number?
False
Let z be (0 + (-6 - -3))*(-3661)/(-3). Let a = z - -5222. Is a a prime number?
False
Suppose 2*l = -l + 4*m + 64795, -4*l = 5*m - 86414. Suppose 8973 = 4*k - 2*x - 8313, 0 = 5*k + 4*x - l. Is k composite?
True
Let t = 24 - 20. Suppose -6 = -2*a - o, a + o = -t*a + 15. Suppose a*f + 579 = 1998. Is f a composite number?
True
Suppose 159763 - 2965 = -31*r. Let m = 3196 - r. Is m a composite number?
True
Suppose -4*t + 10 = -w + 29, 2*t = -3*w + 1. Suppose -p = 2*r + w*r - 8540, -1694 = -r - 3*p. Is r a composite number?
False
Let i = -12 + -12. Is (4 - 8) + i/(-3) - -1497 composite?
True
Let r = -34233 - -49891. Is r prime?
False
Suppose 0 = 2*b - 3*v + 1071, 5*b - v + 3537 - 879 = 0. Let q be (-4)/(-10) + (-12564)/(-15). Let i = q + b. Is i a prime number?
True
Suppose 0 = -9*m - 11*m - 634360. Is (8/(13 + -5))/((-2)/m) a composite number?
False
Let g(b) = -3614*b - 49. Let i be g(7). Let p = -16164 - i. Is p prime?
False
Suppose -4*c - 13 = -21. Suppose 0*m + m - c*d - 851 = 0, 2*d = 2. Is m a composite number?
False
Is (-18)/3*1 - (-124430 - 3) composite?
False
Suppose -2*d = -8*d + 18. Suppose 4*j + 4*z + 16 = d*j, -20 = 3*j + 5*z. Suppose -h - q = -2*q - 2503, j = 2*h + 3*q - 5006. Is h a prime number?
True
Let b(p) = 57*p + 106. Let o(t) = -57*t - 105. Let a(s) = 4*b(s) + 3*o(s). Is a(14) composite?
False
Suppose -207 = -356*z + 333*z. Suppose 540 = z*h - 2574. Is h a prime number?
False
Suppose 4*i - 3*v = 2*v - 3981, -i = -4*v + 1009. Let k = i - -1576. Is k a composite number?
False
Let t be (0 - 396/10)/(58/(-145)). Suppose -t = 5*k + 4*k. Is 2/k + (-5860)/(-44) a prime number?
False
Let y(r) = 8*r - 3. Let v be y(-6). Let u = -23 - v. Suppose 263 = k + u. Is k a composite number?
True
Suppose 5*b + 5*r - 3257015 = 0, -211936 = b - 7*r - 863275. Is b a composite number?
True
Suppose 15*p = 5*d + 19*p - 33, 4*p + 7 = 3*d. Suppose d*f = -2*q + f + 14214, -2*q + 14222 = 2*f. Is q prime?
False
Let d be (-1506683)/(-295) + 3/5. Let z = -1651 + d. Is z composite?
False
Suppose 3*t + 4*o - 4625 = 0, 2692 = 4*t - 6*o - 3384. Is t prime?
True
Let u = 99 + -97. Suppose 2*c + u*c - 16 = 0. Suppose 0 = -2*p + 2*q + 701 + 259, -c*p + 1915 = -5*q. Is p a composite number?
True
Let j(l) = 2*l**3 + 22*l**2 - 79*l + 1. Let b(m) = m**3 + m. Let y(k) = 4*b(k) - j(k). Is y(10) a composite number?
True
Let h(j) = -36*j - 178. Let g be h(-5). Suppose 4*k - 18628 = -g*c + 13962, 5*c - 40740 = -5*k. Is k a prime number?
True
Let g(j) = 7*j**2 + 136*j + 54. Let r be g(-19). Suppose i + 0*i = 3*s + 379, -3*s = 3*i + 363. Is -1 - (s + r)/1 composite?
False
Let q be (105/15)/(-1 - 0). Let b(f) = -7*f**3 + 12*f**2 - 25. Let i(u) = 10*u**3 - 18*u**2 + 37. Let s(n) = q*b(n) - 5*i(n). Is s(-5) a composite number?
True
Let a be (16 + 138/(-8))*-47*4. Let l = 1672 + a. Is l prime?
True
Let m(r) = r**2 - r - 1. Let f be m(0). Suppose 11*w - 55 = -0*w. Is (f/w)/(13/(-19045)) composite?
False
Is (-67554719)/(-55) - 92/115 - (-46)/253 prime?
False
Let f(g) = 15340*g**2 - 3*g + 14. Is f(-3) a prime number?
False
Let b(h) = h**2 + 32*h - 270. Let t be b(-39). Suppose 4*i + 12 = 0, -14736 = t*l - 4*i - 90489. Is l prime?
True
Let s(a) = 227202*a - 2903. Is s(8) composite?
False
Let f = -532924 + 1051991. Is f a prime number?
True
Suppose 2*a - 5*h + 7800 = 154589, 3*a + 4*h - 220287 = 0. Is a prime?
True
Let l = 60221 + 15222. Is l a prime number?
False
Let a(c) = -6*c**2 - c**3 + c**3 - c**3 - c + 19. Let j(k) = -k**3 - 12*k**2 - 33*k - 19. Let w be j(-8). Is a(w) a prime number?
False
Let o = -31 + 33. Let r(w) = -3*w**3 - 11*w + 3. Let s(f) = -13*f**3 - 45*f + 11. Let p(v) = o*s(v) - 9*r(v). Is p(6) a composite number?
True
Let p(y) = 278*y. Let u(q) = 3*q - 14. Let r be u(7). Suppose 0*t - 3*t = 2*i - r, -4*t + 2*i = 0. Is p(t) composite?
True
Suppose 0*v = v - 2. Let u be -2 + -5 - 2171/(-1). Suppose -v*n + u = 2*i, 3*i + 705 = n - 377. Is n prime?
False
Let r = 246 + -242. Suppose 12 = -4*l, -l = r*y - 4392 + 1687. Is y composite?
False
Let v = -17519 - -33921. Suppose 0 = -4*k + 2*d - 57474, -5*d + 2017 - v = k. Is k/(-18) + 4/6 a prime number?
False
Suppose 13*m = 10*m + 6*m. Suppose m = 2*s - 169 - 27. Let p = s + 1073. Is p a prime number?
True
Suppose 266172786 = 156*m + 306*m - 120*m. Is m prime?
False
Let t(g) = g + 5. Let s be t(3). Let m(f) = 19*f + 73*f + 0 + 31*f + s. Is m(3) a composite number?
True
Let c be (-11 + 71)/((-4)/(-2518)). Suppose -11*d + 5*d + c = 0. Is d prime?
False
Let n(k) = 55*k + 8. Suppose -4*m + 3*x + 0 = 28, -24 = 5*m - x. Let f be (m + 70/15)/(2/27). Is n(f) a prime number?
True
Let l = 319718 - 225973. Is l a composite number?
True
Suppose 8*i = -5*i - 2132. Let r = 158 - i. Let b = r - -157. Is b composite?
False
Let x = -194133 + 323684. Is x a composite number?
True
Let h(y) = -3*y + 30. Let n be h(9). Suppose 9 = n*v - 3. Suppose -1156 = -s - r, v*s + 5*r + 1485 = 6114. Is s prime?
True
Let l be 12/15 + (-4)/5. Suppose l*u - 2*w = 2*u - 8960, -4*w = 4. Is u/4 - (-65)/(-52) composite?
True
Let f(g) = -8*g - 2. Let p be f(-10). Let m = p + 2531. Is m a composite number?
False
Suppose h + 0*h - 5*z + 16 = 0, 4*h = -5*z - 39. Is ((-4)/22)/1 - 10507/h a prime number?
False
Let c(u) = u**3 - 8*u**2 - 14*u + 27. Suppose -95 = -4*i - 5*d, -3*i - 3*d + 13 = -56. Is c(i) a composite number?
False
Suppose -7*z + 4864 = -7246. Let v = 3531 - z. Is v a composite number?
False
Let m(v) = 82*v**2 - 6 - 43 - 9 - 7*v. Is m(-11) prime?
True
Suppose 3*o + 145 = -2*d, 7*d - 5*d + 2*o + 150 = 0. Is (82/(-5))/((d/(-2050))/(-4)) prime?
False
Let d(g) = -2*g - 18. Let a be d(-11). Suppose -118 + 102 = -a*k. Is 1322/4*56/k composite?
True
Suppose b + 4*n - 30 - 25 = 0, -3*n = -2*b + 55. Suppose 9148 = b*y - 31*y. Is y prime?
True
Suppose 4*w = -2*f + 12056, -18102 = -3*f - 9*w + 12*w. Let b = f + -363. Is b composite?
False
Let p(m) = 9*m - 27. Let a be p(5). Is 59*478/a + (-116)/(-522) a composite number?
False
Suppose 5*v = 2*y + 61898, 4*v - 68620 = 3*y - 19103. Suppose 5*j = f - 0*f + v, 0 = -3*j - 2*f + 7441. Is j a prime number?
True
Suppose 27*k + 111401 = 470420. Let i = k + -7374. Is i composite?
False
Suppose 2*f + 15 = -t, -5*f - 10*t - 38 = -8*t. Let m(b) = -136*b - 1. Is m(f) composite?
False
Let q(b) = -b**2 + 42*b - 28. Let v be q(31). Suppose -4*i = -5*u + 1577, -u - v = -2*u + 2*i. Is u a composite number?
False
Let y = 1053343 + -579798. Is y composite?
True
Suppose 170881 = 3*l - 5*d - 293378, -4*d + 154787 = l. Is l composite?
True
Suppose 119*f + 138*f - 232*f - 5635825 = 0. Is f a prime number?
False
Let q = -707 - -692. Is 444*(-10)/q + 2 + -5 a composite number?
False
Let t(n) = 2303271*n + 1091. Is t(1) prime?
False
Suppose 8*b = 5*w + 4*b - 16, -3 = -w + b. Suppose 4*u = -5*x + 14446 + 10589, 0 = -w*x - 4*u + 20028. Suppose n - x = -2*n. Is n a prime number?
True
Let q = -880